{"id":3,"date":"2023-07-13T09:55:25","date_gmt":"2023-07-13T09:55:25","guid":{"rendered":"https:\/\/empfehlenswert.christian-huebschen.de\/?page_id=3"},"modified":"2026-01-27T13:54:19","modified_gmt":"2026-01-27T13:54:19","slug":"privacy-policy","status":"publish","type":"page","link":"https:\/\/empfehlenswert.christian-huebschen.de\/index.php\/privacy-policy\/","title":{"rendered":"Datenschutzerkl\u00e4rung"},"content":{"rendered":"\n<h2 class=\"wp-block-heading\">Einleitung und allgemeine Angaben<\/h2>\n\n\n\n<p>Vielen Dank f\u00fcr Ihr Interesse an unserer Website. Der Schutz Ihrer personenbezogenen Daten ist uns ein sehr wichtiges Anliegen. Im Folgenden finden Sie Informationen zum Umgang mit Ihren Daten, die durch Ihre Nutzung unserer Website erfasst werden. Die Verarbeitung Ihrer Daten erfolgt entsprechend den gesetzlichen Regelungen zum Datenschutz.<\/p>\n\n\n\n<h2 class=\"wp-block-heading\">Datenschutzerkl\u00e4rung<\/h2>\n\n\n\n<h3 class=\"wp-block-heading\">I. Verantwortlicher; Datenschutzbeauftragter<\/h3>\n\n\n\n<p>Der Verantwortliche im Sinne der Datenschutz-Grundverordnung und anderer nationaler Datenschutzgesetze der Mitgliedsstaaten sowie sonstiger datenschutzrechtlicher Bestimmungen ist:<\/p>\n\n\n\n<p>Christian H\u00fcbschen<br>Eichelweg 13a<br>61276 Weilrod<br>Telefon:&nbsp;<a href=\"tel:+496083312435\" title=\"\">06083-312435<\/a><br>E-Mail:&nbsp;<a href=\"mailto:christian.huebschen@dvag.de\" title=\"\">christian.huebschen@dvag.de<\/a><\/p>\n\n\n\n<h3 class=\"wp-block-heading\">II. Allgemeines zur Datenverarbeitung<\/h3>\n\n\n\n<h4 class=\"wp-block-heading\">1. Umfang der Verarbeitung personenbezogener Daten<\/h4>\n\n\n\n<p>Wir verarbeiten personenbezogene Daten unserer Nutzer, Interessenten bzw. Kunden grunds\u00e4tzlich nur, soweit dies zur Bereitstellung einer funktionsf\u00e4higen Website oder zur Erbringung unserer Leistungen erforderlich ist. Die Verarbeitung personenbezogener Daten erfolgt regelm\u00e4\u00dfig nur nach Einwilligung des Betroffenen. Eine Ausnahme gilt in solchen F\u00e4llen, in denen eine vorherige Einholung einer Einwilligung aus tats\u00e4chlichen Gr\u00fcnden nicht m\u00f6glich ist und die Verarbeitung der Daten durch gesetzliche Vorschriften gestattet ist.<\/p>\n\n\n\n<h4 class=\"wp-block-heading\">2. Rechtsgrundlage f\u00fcr die Verarbeitung personenbezogener Daten<\/h4>\n\n\n\n<p>Soweit wir f\u00fcr Verarbeitungsvorg\u00e4nge personenbezogener Daten eine Einwilligung der betroffenen Person einholen, dient Art. 6 Abs. 1 S. 1 lit. a DSGVO als Rechtsgrundlage.<\/p>\n\n\n\n<p>Bei der Verarbeitung von personenbezogenen Daten, die zur Erf\u00fcllung eines Vertrages, dessen Vertragspartei die betroffene Person ist, erforderlich ist, dient Art. 6 Abs. 1 S. 1 lit. b DSGVO als Rechtsgrundlage. Dies gilt auch f\u00fcr Verarbeitungsvorg\u00e4nge, die zur Durchf\u00fchrung vorvertraglicher Ma\u00dfnahmen erforderlich sind.<\/p>\n\n\n\n<p>Soweit eine Verarbeitung personenbezogener Daten zur Erf\u00fcllung einer rechtlichen Verpflichtung erforderlich ist, der unser Unternehmen unterliegt, dient Art. 6 Abs. 1 S. 1 lit. c DSGVO als Rechtsgrundlage.<\/p>\n\n\n\n<p>F\u00fcr den Fall, dass lebenswichtige Interessen der betroffenen Person oder einer anderen nat\u00fcrlichen Person eine Verarbeitung personenbezogener Daten erforderlich machen, dient Art. 6 Abs. 1 S. 1 lit. d DSGVO als Rechtsgrundlage.<\/p>\n\n\n\n<p>Ist die Verarbeitung zur Wahrung eines berechtigten Interesses unseres Unternehmens oder eines Dritten erforderlich und \u00fcberwiegen die Interessen, Grundrechte und Grundfreiheiten des Betroffenen das erstgenannte Interesse nicht, so dient Art. 6 Abs. 1 S. 1 lit. f DSGVO als Rechtsgrundlage f\u00fcr die Verarbeitung.<\/p>\n\n\n\n<h4 class=\"wp-block-heading\">3. Datenl\u00f6schung und Speicherdauer<\/h4>\n\n\n\n<p>Die personenbezogenen Daten der betroffenen Person werden gel\u00f6scht oder gesperrt, sobald der Zweck der Speicherung entf\u00e4llt. Eine Speicherung kann dar\u00fcber hinaus erfolgen, wenn dies durch den europ\u00e4ischen oder nationalen Gesetzgeber in unionsrechtlichen Verordnungen, Gesetzen oder sonstigen Vorschriften, denen der Verantwortliche unterliegt, vorgesehen wurde. Eine Sperrung oder L\u00f6schung der Daten erfolgt auch dann, wenn eine durch die genannten Normen vorgeschriebene Speicherfrist abl\u00e4uft, es sei denn, dass eine Erforderlichkeit zur weiteren Speicherung der Daten f\u00fcr einen Vertragsabschluss oder eine Vertragserf\u00fcllung besteht.<\/p>\n\n\n\n<h3 class=\"wp-block-heading\">III. Bereitstellung der Website und Erstellung von Logfiles<\/h3>\n\n\n\n<h4 class=\"wp-block-heading\">1. Beschreibung und Umfang der Datenverarbeitung<\/h4>\n\n\n\n<p>Bei jedem Aufruf unserer Internetseite erfasst unser System automatisiert Daten und Informationen vom Computersystem des aufrufenden Rechners.<\/p>\n\n\n\n<p>Folgende Daten werden hierbei erhoben:<\/p>\n\n\n\n<ul class=\"wp-block-list\">\n<li>Browsertyp\/-version des Nutzers;<\/li>\n\n\n\n<li>Betriebssystem des Nutzers;<\/li>\n\n\n\n<li>IP-Adresse\/Internet-Service-Provider des Nutzers;<\/li>\n\n\n\n<li>Datum\/Uhrzeit des Zugriffs;<\/li>\n\n\n\n<li>Websites, von denen das System des Nutzers auf unsere Internetseite gelangt;<\/li>\n\n\n\n<li>Websites, die vom System des Nutzers \u00fcber unsere Website aufgerufen werden.<\/li>\n<\/ul>\n\n\n\n<p>Die Daten werden in den Logfiles unseres Systems gespeichert. Eine Speicherung dieser Daten zusammen mit anderen personenbezogenen Daten des Nutzers findet nicht statt.<\/p>\n\n\n\n<h4 class=\"wp-block-heading\">2. Rechtsgrundlage f\u00fcr die Datenverarbeitung<\/h4>\n\n\n\n<p>Rechtsgrundlage f\u00fcr die vor\u00fcbergehende Speicherung der Daten und der Logfiles ist Art. 6 Abs. 1 S. 1 lit. f DSGVO.<\/p>\n\n\n\n<h4 class=\"wp-block-heading\">3. Zweck der Datenverarbeitung<\/h4>\n\n\n\n<p>Die vor\u00fcbergehende Speicherung der IP-Adresse durch das System ist notwendig, um eine Auslieferung der Website an den Rechner des Nutzers zu erm\u00f6glichen. Hierf\u00fcr muss die IP-Adresse des Nutzers f\u00fcr die Dauer der Sitzung gespeichert bleiben.<\/p>\n\n\n\n<p>Die Speicherung in Logfiles erfolgt, um die Funktionsf\u00e4higkeit der Website sicherzustellen. Zudem dienen uns die Daten zur Optimierung der Website und zur Sicherstellung der Sicherheit unserer informationstechnischen Systeme. Eine Auswertung der Daten zu Marketingzwecken findet in diesem Zusammenhang nicht statt.<\/p>\n\n\n\n<p>In diesen Zwecken liegt auch unser berechtigtes Interesse an der Datenverarbeitung nach Art. 6 Abs. 1 S. 1 lit. f DSGVO.<\/p>\n\n\n\n<h4 class=\"wp-block-heading\">4. Dauer der Speicherung<\/h4>\n\n\n\n<p>Die Daten werden gel\u00f6scht, sobald sie f\u00fcr die Erreichung des Zweckes ihrer Erhebung nicht mehr erforderlich sind. Im Falle der Erfassung der Daten zur Bereitstellung der Website ist dies der Fall, wenn die jeweilige Sitzung beendet ist.<\/p>\n\n\n\n<p>Im Falle der Speicherung der Daten in Logfiles ist dies nach sp\u00e4testens sieben Tagen der Fall. Eine dar\u00fcberhinausgehende Speicherung ist m\u00f6glich. In diesem Fall werden die IP-Adressen der Nutzer gel\u00f6scht oder verfremdet, sodass eine Zuordnung des aufrufenden Clients nicht mehr m\u00f6glich ist.<\/p>\n\n\n\n<h4 class=\"wp-block-heading\">5. Widerspruchs- und Beseitigungsm\u00f6glichkeit<\/h4>\n\n\n\n<p>Die Erfassung der Daten zur Bereitstellung der Website und die Speicherung der Daten in Logfiles ist f\u00fcr den Betrieb der Internetseite zwingend erforderlich. Es besteht folglich seitens des Nutzers keine Widerspruchsm\u00f6glichkeit.<\/p>\n\n\n\n<h3 class=\"wp-block-heading\">IV. Verwendung von Cookies<\/h3>\n\n\n\n<h4 class=\"wp-block-heading\">1. Beschreibung und Umfang der Datenverarbeitung<\/h4>\n\n\n\n<p>Unsere Website verwendet Cookies; hierbei handelt es sich um Textdateien, die im Internetbrowser bzw. vom Internetbrowser auf dem Endger\u00e4t des Nutzers gespeichert werden.<\/p>\n\n\n\n<p>Einige der verwendeten Cookies werden nach Ende der Browser-Sitzung, also nach Schlie\u00dfen Ihres Browsers, wieder gel\u00f6scht (Sitzungs-Cookies). Andere Cookies verbleiben auf Ihrem Endger\u00e4t und erm\u00f6glichen uns oder unseren Partnerunternehmen (Cookies von Drittanbietern), Ihren Browser beim n\u00e4chsten Besuch wiederzuerkennen (sog. persistente Cookies). Werden Cookies gesetzt, erheben und verarbeiten diese im jeweiligen individuellen Umfang bestimmte Nutzerinformationen wie Browser- und Standortdaten sowie IP-Adressdaten. Persistente Cookies werden automatisiert nach einer je nach Cookie vordefinierten Dauer gel\u00f6scht.<\/p>\n\n\n\n<h4 class=\"wp-block-heading\">2. Rechtsgrundlage f\u00fcr die Datenverarbeitung<\/h4>\n\n\n\n<p>Soweit f\u00fcr die Verwendung von Cookies eine Einwilligung der betroffenen Person erteilt wurde, dient Art. 6 Abs. 1 S. 1 lit. a DSGVO als Rechtsgrundlage.<\/p>\n\n\n\n<p>Bei der Verarbeitung von personenbezogenen Daten, die zur Erf\u00fcllung eines Vertrages, dessen Vertragspartei die betroffene Person ist, erforderlich ist, dient Art. 6 Abs. 1 S. 1 lit. b DSGVO als Rechtsgrundlage. Dies gilt auch f\u00fcr Verarbeitungsvorg\u00e4nge, die zur Durchf\u00fchrung vorvertraglicher Ma\u00dfnahmen erforderlich sind.<\/p>\n\n\n\n<p>Rechtsgrundlage f\u00fcr die Verarbeitung personenbezogener Daten unter Verwendung von Cookies ist insbesondere auch Art. 6 Abs. 1 S. 1 lit. f DSGVO.<\/p>\n\n\n\n<h4 class=\"wp-block-heading\">3. Zweck der Datenverarbeitung<\/h4>\n\n\n\n<p>Wir setzen Cookies ein, um eine bestm\u00f6gliche Funktionalit\u00e4t der Website sowie eine kundenfreundliche und effektive Ausgestaltung des Seitenbesuchs zu gew\u00e4hrleisten.<\/p>\n\n\n\n<p>In diesen Zwecken liegt auch unser berechtigtes Interesse an der Datenverarbeitung nach Art. 6 Abs. 1 S. 1 lit. f DSGVO.<\/p>\n\n\n\n<h4 class=\"wp-block-heading\">4. Dauer der Speicherung<\/h4>\n\n\n\n<p>Die Daten werden gel\u00f6scht, sobald sie f\u00fcr die Erreichung des Zweckes ihrer Erhebung nicht mehr erforderlich sind.<\/p>\n\n\n\n<p>Die Dauer der jeweiligen Cookie-Speicherung kann der \u00dcbersicht zu den Cookie-Einstellungen Ihres Webbrowsers sowie insbesondere dem auf der Website implementierten Cookie-Consent-Tool entnommen werden.<\/p>\n\n\n\n<h4 class=\"wp-block-heading\">5. Widerspruchs- und Beseitigungsm\u00f6glichkeit<\/h4>\n\n\n\n<p>Cookies werden auf dem Rechner des Nutzers gespeichert und von diesem an unsere Seite \u00fcbermittelt. Daher haben Sie als Nutzer auch die volle Kontrolle \u00fcber die Verwendung von Cookies. Durch eine \u00c4nderung der Einstellungen in Ihrem Internetbrowser k\u00f6nnen Sie die \u00dcbertragung von Cookies deaktivieren oder einschr\u00e4nken. Bereits gespeicherte Cookies k\u00f6nnen jederzeit gel\u00f6scht werden. Dies kann auch automatisiert erfolgen, indem Sie die maximale Speicherdauer in Ihren Browsereinstellungen festlegen. Werden Cookies f\u00fcr unsere Website deaktiviert, k\u00f6nnen m\u00f6glicherweise nicht mehr alle Funktionen der Website vollumf\u00e4nglich genutzt werden.<\/p>\n\n\n\n<p>Nachfolgende Links helfen Ihnen, wie Sie Einstellungen zum Ablehnen oder Akzeptieren von Cookies in den meistverwendeten Browsern vornehmen k\u00f6nnen:<\/p>\n\n\n\n<ul class=\"wp-block-list\">\n<li>Internet Explorer \/ Windows Edge:&nbsp;<a href=\"https:\/\/windows.microsoft.com\/de-de\/windows-vista\/block-or-allow-cookies\" target=\"_blank\" rel=\"noreferrer noopener\">windows.microsoft.com\/de-de\/windows-vista\/block-or-allow-cookies<\/a><\/li>\n\n\n\n<li>Mozilla Firefox:&nbsp;<a href=\"https:\/\/support.mozilla.org\/de\/kb\/cookies-erlauben-und-ablehnen\" target=\"_blank\" rel=\"noreferrer noopener\">support.mozilla.org\/de\/kb\/cookies-erlauben-und-ablehnen<\/a><\/li>\n\n\n\n<li>Google Chrome:&nbsp;<a href=\"https:\/\/support.google.com\/chrome\/answer\/95647?hl=de\" target=\"_blank\" rel=\"noreferrer noopener\">support.google.com\/chrome\/answer\/95647?hl=de<\/a><\/li>\n\n\n\n<li>Safari:&nbsp;<a href=\"https:\/\/support.apple.com\/de-de\/guide\/safari\/sfri11471\/\" target=\"_blank\" rel=\"noreferrer noopener\">support.apple.com\/de-de\/guide\/safari\/sfri11471\/<\/a><\/li>\n\n\n\n<li>Opera:&nbsp;<a href=\"https:\/\/help.opera.com\/de\/latest\/web-preferences\/#cookies\" target=\"_blank\" rel=\"noreferrer noopener\">help.opera.com\/de\/latest\/web-preferences\/#cookies<\/a><\/li>\n<\/ul>\n\n\n\n<p>Insbesondere besteht \u00fcber ein auf der Website implementiertes Cookie-Consent-Tool f\u00fcr den Nutzer die M\u00f6glichkeit, einzelne Cookies nach individuellen W\u00fcnschen zu aktivieren\/deaktivieren.<\/p>\n\n\n\n<h3 class=\"wp-block-heading\">V. Kontaktformular und E-Mail-Kontakt<\/h3>\n\n\n\n<h4 class=\"wp-block-heading\">1. Beschreibung und Umfang der Datenverarbeitung<\/h4>\n\n\n\n<p>Bei Ihrer Kontaktaufnahme mit uns \u00fcber ein Kontaktformular auf unserer Website oder per E-Mail werden die von Ihnen mitgeteilten Daten (Ihre E-Mail-Adresse und ggf. weitere von Ihnen angegeben Daten) an uns \u00fcbermittelt und von uns gespeichert. Es erfolgt in diesem Zusammenhang keine Weitergabe der Daten an Dritte. Die Daten werden ausschlie\u00dflich f\u00fcr die Verarbeitung der Konversation verwendet.<\/p>\n\n\n\n<h4 class=\"wp-block-heading\">2. Rechtsgrundlage f\u00fcr die Datenverarbeitung<\/h4>\n\n\n\n<p>Rechtsgrundlage f\u00fcr die Verarbeitung der Daten ist bei Vorliegen einer Einwilligung des Nutzers Art. 6 Abs. 1 S. 1 lit. a DSGVO.<\/p>\n\n\n\n<p>Rechtsgrundlage f\u00fcr die Verarbeitung der Daten, die im Zuge der Kontaktaufnahme \u00fcbermittelt werden, ist auch Art. 6 Abs. 1 S. 1 lit. f DSGVO.<\/p>\n\n\n\n<p>Zielt die Kontaktaufnahme auf den Abschluss eines Vertrages ab, so ist zus\u00e4tzliche Rechtsgrundlage f\u00fcr die Verarbeitung Art. 6 Abs. 1 S. 1 lit. b DSGVO.<\/p>\n\n\n\n<h4 class=\"wp-block-heading\">3. Zweck der Datenverarbeitung<\/h4>\n\n\n\n<p>Die Verarbeitung der personenbezogenen Daten aus der Eingabemaske dient allein zur Bearbeitung der Kontaktaufnahme. Die sonstigen w\u00e4hrend des Absendevorgangs des Formulars verarbeiteten personenbezogenen Daten dienen dazu, einen Missbrauch des Kontaktformulars zu verhindern.<\/p>\n\n\n\n<h4 class=\"wp-block-heading\">4. Dauer der Speicherung<\/h4>\n\n\n\n<p>Die in diesem Zusammenhang anfallenden Daten l\u00f6schen wir, nachdem die Speicherung nicht mehr erforderlich ist, oder schr\u00e4nken die Verarbeitung ein, falls gesetzliche Aufbewahrungspflichten bestehen.<\/p>\n\n\n\n<h4 class=\"wp-block-heading\">5. Widerspruchs- und Beseitigungsm\u00f6glichkeit<\/h4>\n\n\n\n<p>Der Nutzer hat jederzeit die M\u00f6glichkeit, seine Einwilligung zur Verarbeitung der personenbezogenen Daten zu widerrufen oder der Speicherung seiner personenbezogenen Daten zu widersprechen. Alle personenbezogenen Daten, die im Zuge der Kontaktaufnahme gespeichert wurden, werden in diesem Fall gel\u00f6scht.<\/p>\n\n\n\n<h3 class=\"wp-block-heading\">VI. Plugins und Tools<\/h3>\n\n\n\n<h4 class=\"wp-block-heading\">1. Google Web Fonts<\/h4>\n\n\n\n<p>1.1 Auf dieser Website nutzen wir das Angebot von Google Fonts zur einheitlichen Darstellung von Schriftarten, die von Google bereitgestellt werden. Dies dient einer ansprechenden Darstellung unserer Internetpr\u00e4senz und stellt ein berechtigtes Interesse im Sinne von Art. 6 Abs. 1 S. 1 lit. f DSGVO dar.<\/p>\n\n\n\n<p>1.2 Durch den Besuch auf der Website erh\u00e4lt Google die Information, dass Sie die entsprechende Unterseite unserer Website aufgerufen haben. Zudem werden die unter III. dieser Erkl\u00e4rung genannten Daten \u00fcbermittelt. Dies erfolgt unabh\u00e4ngig davon, ob Google ein Nutzerkonto bereitstellt, \u00fcber das Sie eingeloggt sind, oder ob kein Nutzerkonto besteht. Wenn Sie bei Google eingeloggt sind, werden Ihre Daten direkt Ihrem Konto zugeordnet. Wenn Sie die Zuordnung mit Ihrem Profil bei Google nicht w\u00fcnschen, m\u00fcssen Sie sich vor Aktivierung des Buttons ausloggen. Google speichert Ihre Daten als Nutzungsprofile und nutzt sie f\u00fcr Zwecke der Werbung, Marktforschung und\/oder bedarfsgerechten Gestaltung seiner Website. Eine solche Auswertung erfolgt insbesondere (selbst f\u00fcr nicht eingeloggte Nutzer) zur Erbringung von bedarfsgerechter Werbung und um andere Nutzer des sozialen Netzwerks \u00fcber Ihre Aktivit\u00e4ten auf unserer Website zu informieren. Ihnen steht ein Widerspruchsrecht zu gegen die Bildung dieser Nutzerprofile, wobei Sie sich zur Aus\u00fcbung dessen an Google richten m\u00fcssen.<\/p>\n\n\n\n<p>1.3 Weitere Informationen zu Zweck und Umfang der Datenerhebung und ihrer Verarbeitung durch den Anbieter erhalten Sie in den Datenschutzerkl\u00e4rungen des Anbieters. Dort erhalten Sie auch weitere Informationen zu Ihren diesbez\u00fcglichen Rechten und Einstellungsm\u00f6glichkeiten zum Schutze Ihrer Privatsph\u00e4re:&nbsp;<a href=\"https:\/\/www.google.de\/intl\/de\/policies\/privacy\" target=\"_blank\" rel=\"noreferrer noopener\">www.google.de\/intl\/de\/policies\/privacy<\/a>.<\/p>\n\n\n\n<h3 class=\"wp-block-heading\">VII. Microsoft Outlook<\/h3>\n\n\n\n<p>Wir verf\u00fcgen \u00fcber ein Profil bei Microsoft Outlook. Details zu deren Umgang mit Ihren personenbezogenen Daten entnehmen Sie der Datenschutzerkl\u00e4rung von Microsoft:&nbsp;<a href=\"https:\/\/privacy.microsoft.com\/de-de\/privacystatement\" target=\"_blank\" rel=\"noreferrer noopener\">privacy.microsoft.com\/de-de\/privacystatement<\/a><\/p>\n\n\n\n<h3 class=\"wp-block-heading\">VIII. Rechte der betroffenen Person<\/h3>\n\n\n\n<p>Werden personenbezogene Daten von Ihnen verarbeitet, sind Sie Betroffener i.S.d. DSGVO und es stehen Ihnen folgende Rechte gegen\u00fcber dem Verantwortlichen zu:<\/p>\n\n\n\n<ul class=\"wp-block-list\">\n<li>Auskunftsrecht (Art. 15 DSGVO)<\/li>\n\n\n\n<li>Recht auf Berichtigung (Art. 16 DSGVO)<\/li>\n\n\n\n<li>Recht auf L\u00f6schung (Art. 17 DSGVO)<\/li>\n\n\n\n<li>Recht auf Einschr\u00e4nkung der Verarbeitung (Art. 18 DSGVO)<\/li>\n\n\n\n<li>Recht auf Daten\u00fcbertragbarkeit (Art. 20 DSGVO)<\/li>\n\n\n\n<li>Widerspruchsrecht (Art. 21 DSGVO)<\/li>\n\n\n\n<li>Recht auf Widerruf der datenschutzrechtlichen Einwilligungserkl\u00e4rung (Art. 7 Abs. 3 DSGVO); durch den Widerruf der Einwilligung wird die Rechtm\u00e4\u00dfigkeit der aufgrund der Einwilligung bis zum Widerruf erfolgten Verarbeitung nicht ber\u00fchrt.<\/li>\n\n\n\n<li>Recht auf Beschwerde bei einer Aufsichtsbeh\u00f6rde (Art. 77 DSGVO)<\/li>\n<\/ul>\n\n\n\n<p><!-- ProvenExpert Bewertungssiegel -->\n<style type=\"text\/css\">@media(max-width:767px){#ProvenExpert_widgetbar_container {display:none !important;}}@media(min-width:768px){html {padding-bottom: 44px; box-sizing: border-box;}}<\/style>\n<div id=\"ProvenExpert_widgetbar_container\"><\/div>\n<script type=\"text\/javascript\" src=\"\/\/www.provenexpert.com\/widget\/bar_christian-huebschen.js?style=white&amp;feedback=1\" async><\/script>\n<!-- ProvenExpert Bewertungssiegel --><\/p>\n\n\n\n<p><\/p>\n\n\n\n<p><\/p>\n","protected":false},"excerpt":{"rendered":"<p>Einleitung und allgemeine Angaben Vielen Dank f\u00fcr Ihr Interesse an unserer Website. Der Schutz Ihrer personenbezogenen Daten ist uns ein sehr wichtiges Anliegen. Im Folgenden finden Sie Informationen zum Umgang mit Ihren Daten, die durch Ihre Nutzung unserer Website erfasst werden. Die Verarbeitung Ihrer Daten erfolgt entsprechend den gesetzlichen Regelungen zum Datenschutz. Datenschutzerkl\u00e4rung I. Verantwortlicher; &hellip; <\/p>\n<p class=\"link-more\"><a href=\"https:\/\/empfehlenswert.christian-huebschen.de\/index.php\/privacy-policy\/\" class=\"more-link\"><span class=\"screen-reader-text\">\u201eDatenschutzerkl\u00e4rung\u201c <\/span>weiterlesen<\/a><\/p>\n","protected":false},"author":1,"featured_media":0,"parent":0,"menu_order":0,"comment_status":"closed","ping_status":"closed","template":"","meta":{"_acf_changed":false,"_monsterinsights_skip_tracking":false,"_monsterinsights_sitenote_active":false,"_monsterinsights_sitenote_note":"","_monsterinsights_sitenote_category":0,"footnotes":""},"class_list":["post-3","page","type-page","status-publish","hentry"],"acf":[],"aioseo_notices":[],"jetpack_sharing_enabled":true,"_links":{"self":[{"href":"https:\/\/empfehlenswert.christian-huebschen.de\/index.php\/wp-json\/wp\/v2\/pages\/3","targetHints":{"allow":["GET"]}}],"collection":[{"href":"https:\/\/empfehlenswert.christian-huebschen.de\/index.php\/wp-json\/wp\/v2\/pages"}],"about":[{"href":"https:\/\/empfehlenswert.christian-huebschen.de\/index.php\/wp-json\/wp\/v2\/types\/page"}],"author":[{"embeddable":true,"href":"https:\/\/empfehlenswert.christian-huebschen.de\/index.php\/wp-json\/wp\/v2\/users\/1"}],"replies":[{"embeddable":true,"href":"https:\/\/empfehlenswert.christian-huebschen.de\/index.php\/wp-json\/wp\/v2\/comments?post=3"}],"version-history":[{"count":3,"href":"https:\/\/empfehlenswert.christian-huebschen.de\/index.php\/wp-json\/wp\/v2\/pages\/3\/revisions"}],"predecessor-version":[{"id":925,"href":"https:\/\/empfehlenswert.christian-huebschen.de\/index.php\/wp-json\/wp\/v2\/pages\/3\/revisions\/925"}],"wp:attachment":[{"href":"https:\/\/empfehlenswert.christian-huebschen.de\/index.php\/wp-json\/wp\/v2\/media?parent=3"}],"curies":[{"name":"wp","href":"https:\/\/api.w.org\/{rel}","templated":true}]}}